6 - 41*s**2 - 3. What are the prime factors of m(-10)?
1109
Let l be (-1027)/52 + (-1)/4. Let f(p) = -p**2 - 40*p - 14. List the prime factors of f(l).
2, 193
Let v(d) = d**3 - 11*d + 11. Let l be v(3). Suppose 3 + 22 = l*y, 4215 = 5*u - 2*y. List the prime factors of u.
5, 13
Suppose 74282 + 90462 = 44*a - 205428. List the prime factors of a.
47, 179
Let y(s) be the second derivative of -1/3*s**3 + 1/12*s**4 + 149/2*s**2 - 1/20*s**5 - 33*s + 0. List the prime factors of y(0).
149
Let r be 10810/(-6) + 4 - (-12)/(-9). Let i = -643 - r. What are the prime factors of i?
2, 17
Let l = -9997 - -12040. List the prime factors of l.
3, 227
Let q be ((-16)/3)/(-1) - 26/78. Let a be (-4)/q*(-196 - -6). Suppose -280 = -8*u + a. What are the prime factors of u?
2, 3
Let v be 394 - (-7 - (7 - 7)). Let u = -284 + v. List the prime factors of u.
3, 13
Let t(c) = -2*c**3 - 17*c**2 - 6*c + 17. Let l be t(-8). Suppose 4*d + l = 5*d, 2*d - 2 = 2*n. Suppose 5*x - 760 = -n*x. List the prime factors of x.
2, 19
Let t(b) = -2*b**3 - 2*b**2 - 5*b + 14. Let g be t(-6). Let i = 872 - g. List the prime factors of i.
2, 3, 13
Let d(c) = -c**3 + 18*c**2 - 15*c - 31. Let g be d(17). Suppose 22 = n + a - 155, -5*n = -g*a - 901. What are the prime factors of n?
179
Suppose 2*o - 3*o - 4*n = -53, -4*n + 127 = 3*o. Let z = o - 35. Suppose -z*l - x = 4*x - 58, x = -2*l + 42. List the prime factors of l.
19
Let b be (-54)/21*(-70)/15. Let a(x) = 8*x**2 + 11*x - 36. List the prime factors of a(b).
2, 3, 13
Let p = 12768 - 3081. List the prime factors of p.
3, 3229
Let w(l) = 7*l**2 - 13*l + 16. Let z(u) = -u**3 + 8*u**2 - 14*u + 15. Let c(p) = -3*w(p) + 2*z(p). What are the prime factors of c(-6)?
2, 3, 7
Suppose 3*z + k - 49118 = 0, 2*z + 11*k - 9*k - 32748 = 0. What are the prime factors of z?
2, 4093
Let m(a) = -6*a - 15. Let t(o) be the third derivative of 5*o**4/24 + 8*o**3/3 - 29*o**2. Let l(v) = 4*m(v) + 5*t(v). List the prime factors of l(14).
2, 17
Let t = 8373 + -2950. What are the prime factors of t?
11, 17, 29
Let g(u) be the third derivative of -u**6/120 - u**5/60 + u**4/12 - u**3 - 26*u**2. Let w be g(-3). Suppose -8*m = -w*m - 212. What are the prime factors of m?
2, 53
Suppose 58 = -3*v + 73. Suppose 816 = v*b - l, -6*b + 3*b + 484 = 5*l. List the prime factors of b.
163
What are the prime factors of 9/42*-2 - (-19)/(266/78700)?
7, 11, 73
Let l = -37296 + 21210. What are the prime factors of (l/(-105))/(4/20)?
2, 383
Let j = 155 - -27. Suppose 2*q + j = 800. What are the prime factors of q?
3, 103
List the prime factors of (-2226323)/(-110) - 6*1/20.
37, 547
Suppose 19 = 11*d - 25. Suppose -d*x = -1476 - 212. What are the prime factors of x?
2, 211
Suppose s - 16 = -4*t - 3*s, -4*t = 5*s - 19. Suppose -37 = -9*b - t. Suppose 2*a + 92 = 6*a - b*l, 5*a - l = 127. List the prime factors of a.
2, 13
Suppose 5*i - 62896 = -4*x, 3*x + 25186 = 96*i - 94*i. What are the prime factors of i?
2, 11, 13
Let m(y) = 2*y**3 + 3*y**2 + 6*y - 2. Let c = 37 + -32. List the prime factors of m(c).
353
Let z be (-193)/(-1737)*198/2. Let h = 15 - 2. Suppose -h = -4*f + z. List the prime factors of f.
2, 3
Let b(f) = -68*f + 583. List the prime factors of b(-55).
3, 11, 131
Let f be (((-80)/(-25))/(-2))/((-4)/10). Suppose 3*z = -f*l + 762, -6*l + 2*z = -4*l - 388. List the prime factors of l.
2, 3
Suppose 4*p - 9 = 7. Let r(i) be the first derivative of i**4/4 - 4*i**3/3 + 4*i**2 - 3*i - 2. List the prime factors of r(p).
29
Suppose 64*s - 105*s = -1911543. List the prime factors of s.
3, 15541
Suppose -5*p + 74144 = -4*l, l = p - 3964 - 10866. What are the prime factors of p?
2, 17, 109
Let y(c) = c**2 - 2*c + 62. Let v be 15*((-1 - -6) + -4). List the prime factors of y(v).
257
Let l(k) = -k**3 - 25*k**2 + 54*k - 3. Let b be l(-27). What are the prime factors of b + 132840/99 + 4/22?
13, 103
Suppose -22*n + 102480 = -72926. What are the prime factors of n?
7, 17, 67
Let k = -53048 + 78233. List the prime factors of k.
3, 5, 23, 73
Let k(l) = 457*l**2 + 113*l + 429. List the prime factors of k(-4).
37, 197
Suppose -3*a + 96256 = 13*a - 32544. List the prime factors of a.
2, 5, 7, 23
What are the prime factors of (270053/42)/((-48)/(-288))?
173, 223
Suppose 28*n + 1137 = 31*n. Let l = n - 74. What are the prime factors of l?
5, 61
Let n = -133 + 157. Let t = n - 17. Suppose t*q = 3*q + 768. List the prime factors of q.
2, 3
Let q(u) = u**2 - 2*u - 2. Let d be q(3). Let b be (0 - 2)/2*-1*d. List the prime factors of (-9)/(-2) + (4/8)/b.
5
Let o(b) = -65*b**3 - 22*b**2 + 20*b + 69. List the prime factors of o(-6).
3, 53, 83
Let z be 42/(-4)*(-920)/(30/6). Suppose -l - 2*p = -661, z + 35 = 3*l + 2*p. List the prime factors of l.
653
Let b = 48 + -44. Suppose 0*n - 72 = -b*f + n, -4*n - 90 = -5*f. What are the prime factors of ((-9)/6)/(f/(-816))?
2, 17
Suppose -4*b - z - 3*z + 3016 = 0, -z = 5*b - 3786. Let u = b + -1264. What are the prime factors of (-2)/(u/(-170) + -3)?
5, 17
Let u be ((-72)/2)/(9/6). Let a(o) = o**3 + 24*o**2 + o + 36. Let z be a(u). Let s(w) = -w**3 + 15*w**2 - 28*w - 18. What are the prime factors of s(z)?
2, 3, 13
Let o(y) = y**2 - 22. Let l be o(5). Let g = 82 + -75. Suppose l*q - 510 = -g*q. What are the prime factors of q?
3, 17
Suppose -3*g - 1 = -h, 4*h - 25 = -5*g - 21. List the prime factors of (h - -939) + (3 + -1)/(-2).
3, 313
Suppose -5*y + 12 = -3*a, 0 = -3*y - 3*a - 10 - 2. Suppose 3*r - 5*r + 150 = 0. Suppose -x - 4*h + r = 0, 3*x = -y*x - 2*h + 255. List the prime factors of x.
3, 29
Suppose -c - 4*n + 2291 = 0, -3*c - 4602 = -5*c - 3*n. Let h = c - 1317. What are the prime factors of h?
2, 3, 5, 11
Suppose 184360 = -2074*y + 2084*y. List the prime factors of y.
2, 11, 419
Let u(g) = -5762*g**3 - 3*g**2 - 184*g - 359. What are the prime factors of u(-2)?
46093
Let b = -126191 - -182419. List the prime factors of b.
2, 14057
What are the prime factors of -8 + (-41292)/(-6) + 4?
2, 19, 181
Let r be 3/(-12) - (-36)/16. What are the prime factors of (-246)/(-4)*(4 - r)?
3, 41
Let k(x) = 2*x**3 - 50*x**2 + 3*x + 45. Let n be k(25). What are the prime factors of (-5 + -331)*(n/(-18))/10?
2, 7
Suppose -m + 532 = 4*w, -w - m - 532 = -5*w. Let b = 297 + w. What are the prime factors of b?
2, 5, 43
Suppose -4*x - 4*r = -8*r - 72368, r + 5 = 0. What are the prime factors of x?
3, 6029
Let x(r) = -r**3 + 13*r**2 + 9*r + 12. Let y(q) = 10*q + 19. Let k be y(-1). What are the prime factors of x(k)?
3, 139
Let l(r) = -2*r**3 + 11*r**2 - 4*r - 1. Let c be (-435)/(-85) - (-6)/(-51). Let p be l(c). What are the prime factors of 118 + (p - (7 - 5))?
2, 3, 5
Let t(x) = x**3 + 12*x**2 + 18*x - 12. Let l be t(-10). Let w be ((-2)/l)/(2/(-392)). What are the prime factors of (w + -1)*(-12)/(-16)?
2, 3
Suppose 2*h - 2*g - 20326 = 0, 0*h + 40661 = 4*h - g. List the prime factors of h.
2, 13, 17, 23
Let r = -1701 + 2566. Let p = -606 + r. What are the prime factors of p?
7, 37
Let n = -195 - -194. List the prime factors of (0 - -5) + n + 773.
3, 7, 37
Let r = 165853 + -97685. What are the prime factors of r?
2, 8521
Suppose 2*u - 14 = 4*p - 3*u, -5*u + 12 = -2*p. Let w be (-9 - 8) + p*3. List the prime factors of (-1)/(-4) - ((-2055)/w)/(-1).
103
Suppose 6*p = 3*r + 8947 - 1432, -p = -r - 1252. What are the prime factors of p?
7, 179
Let k(b) = 51709*b - 193. What are the prime factors of k(1)?
2, 3, 53
Suppose 0 = -u - 4*o + 23, -2*u - 4*o = 12 - 38. Let m(s) = 47*s - 16. What are the prime factors of m(u)?
5
Suppose -5*d - t + 1973 = 0, -3*t + 1191 = 2*d + 394. Let v = 1077 - d. List the prime factors of v.
683
Let p(w) = 13*w**3 - w**2 - 87*w + 707. What are the prime factors of p(11)?
2, 3, 17, 83
Let f = -96 + 110. Let y = f + 4. What are the prime factors of 2468/y - (-1)/(-9)?
137
Let p(d) = 163*d + 1925. What are the prime factors of p(19)?
2, 3, 31
Let q(b) = -2*b**2 + 241*b + 2666. List the prime factors of q(107).
5, 11, 101
Suppose 7*y = -p + 3*y + 53, -p + 2*y + 53 = 0. Let h be ((-6)/8)/(-1) + p/4. Let v = 88 - h. List the prime factors of v.
2, 37
Let w(u) = -29657*u**3 - 4*u**2 - 3*u - 3. What are the prime factors of w(-1)?
13, 2281
Suppose -g = 4*c - 9534, -4*g = 42*c - 46*c - 38116. List the prime factors of g.
2, 5, 953
Let m = -52181 - -79945. What ar